 and 161.
23
Calculate the highest common divisor of 234 and 130.
26
What is the greatest common divisor of 21 and 9072?
21
What is the highest common factor of 405 and 5535?
135
Calculate the highest common factor of 25 and 10925.
25
Calculate the greatest common factor of 8 and 4168.
8
Calculate the greatest common factor of 469 and 7.
7
What is the greatest common divisor of 2442 and 1554?
222
What is the highest common factor of 533 and 13?
13
What is the greatest common divisor of 130 and 455?
65
Calculate the highest common factor of 94 and 235.
47
Calculate the greatest common factor of 119 and 748.
17
What is the highest common divisor of 576 and 9?
9
What is the highest common divisor of 3493 and 7?
7
Calculate the highest common divisor of 63 and 1071.
63
Calculate the greatest common factor of 139 and 4.
1
What is the greatest common factor of 80 and 26760?
40
Calculate the highest common divisor of 1278 and 72.
18
Calculate the greatest common divisor of 1378 and 104.
26
What is the greatest common divisor of 9 and 1071?
9
What is the highest common divisor of 544 and 136?
136
Calculate the greatest common factor of 63 and 336.
21
What is the greatest common factor of 6033 and 9?
3
Calculate the greatest common divisor of 80 and 15.
5
What is the highest common divisor of 136 and 153?
17
What is the greatest common divisor of 24 and 396?
12
Calculate the highest common divisor of 15 and 240.
15
What is the greatest common factor of 92 and 27554?
46
Calculate the highest common factor of 111 and 629.
37
Calculate the greatest common factor of 8 and 81.
1
What is the highest common divisor of 442 and 34?
34
Calculate the greatest common divisor of 992 and 62.
62
Calculate the highest common divisor of 1271 and 93.
31
What is the greatest common factor of 3493 and 14?
7
Calculate the highest common factor of 15 and 9475.
5
What is the highest common divisor of 72 and 2256?
24
What is the greatest common factor of 19 and 456?
19
What is the highest common divisor of 48 and 1712?
16
What is the greatest common divisor of 7007 and 429?
143
What is the greatest common divisor of 460 and 368?
92
Calculate the greatest common divisor of 82 and 328.
82
Calculate the highest common factor of 48 and 60.
12
Calculate the highest common divisor of 23 and 9591.
23
Calculate the greatest common divisor of 340 and 320.
20
What is the greatest common factor of 1416 and 531?
177
Calculate the highest common divisor of 112 and 48.
16
What is the greatest common factor of 372 and 132?
12
What is the greatest common divisor of 23 and 207?
23
What is the greatest common divisor of 1330 and 560?
70
Calculate the greatest common factor of 9220 and 180.
20
What is the highest common factor of 221 and 17?
17
What is the greatest common divisor of 36 and 153?
9
Calculate the highest common factor of 98 and 18.
2
What is the highest common divisor of 720 and 4770?
90
Calculate the highest common factor of 768 and 1248.
96
Calculate the highest common divisor of 83 and 913.
83
What is the greatest common factor of 245 and 28?
7
What is the highest common factor of 16618 and 14?
14
What is the highest common factor of 2 and 2042?
2
What is the highest common divisor of 318 and 6?
6
What is the greatest common divisor of 28 and 700?
28
Calculate the greatest common factor of 527 and 93.
31
What is the greatest common factor of 72 and 9?
9
Calculate the highest common divisor of 1442 and 98.
14
Calculate the greatest common divisor of 5418 and 462.
42
Calculate the greatest common divisor of 31 and 527.
31
What is the highest common factor of 1358 and 42?
14
What is the greatest common factor of 110 and 4070?
110
Calculate the highest common factor of 252 and 2412.
36
Calculate the greatest common divisor of 10790 and 130.
130
What is the greatest common divisor of 2230 and 30?
10
What is the greatest common factor of 3289 and 572?
143
Calculate the greatest common factor of 13517 and 21.
7
What is the greatest common divisor of 14 and 854?
14
Calculate the greatest common factor of 210 and 150.
30
What is the greatest common divisor of 855 and 20?
5
What is the greatest common divisor of 57 and 1425?
57
Calculate the greatest common factor of 110 and 638.
22
What is the greatest common factor of 18910 and 62?
62
What is the greatest common divisor of 20 and 325?
5
What is the highest common divisor of 336 and 1068?
12
What is the highest common factor of 19 and 34447?
19
Calculate the highest common factor of 30 and 20535.
15
What is the greatest common factor of 99 and 88?
11
Calculate the greatest common divisor of 675 and 270.
135
Calculate the highest common divisor of 1395 and 30.
15
Calculate the greatest common factor of 9 and 1899.
9
What is the highest common divisor of 819 and 6?
3
Calculate the highest common divisor of 572 and 198.
22
Calculate the highest common divisor of 7 and 10766.
7
What is the greatest common factor of 637 and 117?
13
Calculate the greatest common divisor of 39 and 16185.
39
Calculate the greatest common factor of 351 and 1833.
39
What is the greatest common divisor of 801 and 99?
9
Calculate the greatest common divisor of 247 and 1352.
13
Calculate the highest common divisor of 3 and 201.
3
Calculate the highest common factor of 208 and 676.
52
What is the highest common factor of 3 and 1041?
3
What is the greatest common factor of 3706 and 34?
34
Calculate the highest common factor of 5643 and 297.
297
What is the greatest common factor of 460 and 828?
92
Calculate the greatest common factor of 48 and 27.
3
What is the highest common divisor of 14 and 56?
14
Calculate the greatest common divisor of 255 and 51.
51
What is the highest common divisor of 448 and 2884?
28
Calculate the highest common divisor of 29 and 66497.
29
What is the greatest common factor of 1769 and 61?
61
Calculate the greatest common factor of 8 and 28.
4
Calculate the highest common divisor of 2519 and 99.
11
What is the greatest common factor of 88 and 77?
11
What is the greatest common divisor of 15 and 195?
15
What is the greatest common divisor of 85 and 17?
17
Calculate the greatest common factor of 14 and 77.
7
What is the greatest common divisor of 77 and 264?
11
What is the highest common divisor of 39830 and 42?
14
Calculate the greatest common factor of 46979 and 109.
109
Calculate the highest common divisor of 219 and 19929.
219
What is the greatest common factor of 703 and 148?
37
Calculate the greatest common divisor of 172 and 20.
4
What is the greatest common factor of 17170 and 170?
170
What is the greatest common divisor of 7 and 1561?
7
What is the greatest common divisor of 22 and 143?
11
What is the highest common divisor of 91 and 858?
13
What is the greatest common factor of 3176 and 16277?
397
What is the highest common factor of 111 and 1924?
37
Calculate the highest common divisor of 3 and 57.
3
What is the highest common factor of 12 and 51?
3
What is the greatest common divisor of 152 and 51908?
76
Calculate the highest common factor of 3 and 92.
1
Calculate the highest common factor of 10915 and 740.
185
Calculate the greatest common factor of 98 and 602.
14
What is the highest common divisor of 41 and 1763?
41
Calculate the greatest common divisor of 26 and 26.
26
Calculate the highest common divisor of 15 and 40665.
15
Calculate the greatest common factor of 306 and 204.
102
Calculate the highest common divisor of 6254 and 118.
118
Calculate the greatest common factor of 8 and 722.
2
What is the greatest common divisor of 594 and 3828?
66
What is the greatest common divisor of 209 and 176?
11
Calculate the greatest common divisor of 108 and 132.
12
What is the highest common factor of 30 and 75?
15
What is the highest common divisor of 10168 and 1984?
248
What is the greatest common divisor of 190 and 114?
38
Calculate the greatest common divisor of 771 and 6.
3
What is the greatest common factor of 12 and 72588?
12
What is the highest common factor of 540 and 27?
27
What is the greatest common divisor of 25 and 6025?
25
Calculate the greatest common factor of 196 and 63.
7
What is the greatest common factor of 104 and 364?
52
Calculate the highest common divisor of 6 and 1612.
2
Calculate the greatest common factor of